be k(4). Suppose -a + 0*a - 2*o = -45, 2*a - 2*o - p = 0. Is a a prime number?
True
Let d be 0 - 547/(-3 - -4). Let l = -192 - d. Is l composite?
True
Suppose 3*c - 239 = 76. Let b = 2 + 0. Suppose 0 = b*j - 13 - c. Is j a prime number?
True
Let t = 9 + -7. Suppose t = 5*m - 33. Is m a prime number?
True
Let z = -19 + 164. Is z composite?
True
Let d(o) = 15*o**2 - 18*o + 16. Is d(13) a prime number?
False
Suppose -6 = 5*a + 4. Is 5*(a + 1)*-5 composite?
True
Let v(c) = -c**2 - 6*c - 6. Let h be v(-6). Is 2382/9*(-9)/h a composite number?
False
Let v(y) = -y + 10. Let u be v(8). Suppose 134 = 3*s - u*c - 521, -3*c + 454 = 2*s. Is s composite?
True
Let h(a) = -6*a - 3. Let c be h(-4). Suppose 2*w = u + c, 0*w = 4*w + 3*u - 67. Is w a composite number?
False
Suppose -5*a - 20 = 0, 0 = -2*y - 2*y - 2*a + 7884. Is y a composite number?
False
Let o(c) = 4*c**3 - 3*c**2 + 3*c. Let d = -8 + 13. Let p = 7 - d. Is o(p) a composite number?
True
Let o = 4 + 0. Let j be ((-2)/o)/(2/(-20)). Suppose 0 = -0*n - 3*n - 5*q + 159, -j*q = n - 53. Is n composite?
False
Suppose -r = 2*r - 1305. Suppose 0 = 4*h + h - r. Is h a composite number?
True
Let u(c) = c**2 + c - 5. Suppose 2*p - 3*p + 6 = 0. Is u(p) prime?
True
Suppose 0 = -9*l - 3*l + 6252. Is l a prime number?
True
Let l(u) = -u**3 + 11*u**2 - 5*u + 9. Let h be l(11). Let c = 77 + h. Is c a composite number?
False
Let o(y) = -y + 162. Let m be (6/3 + -2)/2. Let p be o(m). Suppose 3*l = p + 3. Is l a prime number?
False
Let n(d) be the first derivative of 4*d**3/3 - d - 3. Is n(-3) a composite number?
True
Is 125 + 4 + 4 + -12 a composite number?
True
Suppose -c - 382 = -2*m + 1051, 4*m + 3*c = 2891. Is m prime?
True
Suppose 5*h - 75 = 3*x, 0 = -5*x - 0*x + h - 125. Let o = 40 + x. Is o composite?
True
Let q = 49 - 17. Let i = 67 - q. Is i a composite number?
True
Let v(r) be the third derivative of 0*r**5 + 0 + 1/6*r**3 + 0*r - 1/12*r**4 - 1/30*r**6 + 2*r**2. Is v(-2) a prime number?
True
Let x = -3 + -22. Let s = -12 - x. Is s prime?
True
Let a(v) = 7*v**3 - 5*v**2 + 2*v + 9. Let i(t) = -15*t**3 + 10*t**2 - 4*t - 19. Let o(h) = 5*a(h) + 2*i(h). Is o(5) a prime number?
False
Is (-10114)/(-6) - 16/24 composite?
True
Let z(v) = -v**3 - 6*v**2 + 7*v + 5. Let s be z(-7). Suppose -3*i = -5*g + 52, 5*g = -s*i - 17 - 3. Is -3*3/i - -52 a composite number?
False
Is (-28)/126 - 9958/(-18) prime?
False
Suppose 3*w = 2*m + 5059, -5*w - m + 2*m = -8427. Is w a composite number?
True
Suppose 11 = 2*y - 17. Is 14/(-49) + 662/y a prime number?
True
Let k(o) = -o**2 - 5*o + 1. Let q be k(-3). Let p = q - 5. Is p a composite number?
False
Let p = -7 - -10. Let w(a) = 101*a - 4. Is w(p) a composite number?
True
Suppose -5*l + 4 = -6, -l + 17 = 5*h. Let f(j) = 14*j**3 + j**2 - j + 2. Let o be f(h). Suppose 3*z - 55 = -m, 5*m + 63 = -3*z + o. Is m composite?
False
Let n(f) = -f**3 - 5*f**2 - 7*f. Let w = 1 - 6. Let v be n(w). Suppose 0 = -2*h - 3*h + v. Is h a composite number?
False
Suppose -5 = -3*t + 4. Suppose -5*g + 11 = 3*z, 4*g = -0*z + 2*z. Suppose -z*j = -t*j + 55. Is j a prime number?
False
Suppose 0 = -2*o + 2755 - 413. Is o prime?
True
Suppose 5*m - 120 = m. Let b = 67 - m. Is b composite?
False
Suppose 0 = 2*b + 2*b + 28. Let l be (-2704)/b + (-10)/35. Let k = l - 267. Is k a composite number?
True
Suppose 6*k - 3882 - 828 = 0. Is k a composite number?
True
Let h(p) be the third derivative of p**5/20 - p**3/6 - p**2. Let t be h(1). Suppose 2*j - 14 = v + 33, 0 = t*j + 4*v - 42. Is j a composite number?
False
Let j = -4 - -7. Is (j/9)/((-2)/(-1194)) composite?
False
Suppose 0 = 4*x, -g - 4*x + 3 = 1. Is 160 + 2 + -3 + g a prime number?
False
Suppose 0 = -4*h + 12, -2*h - h + 9 = -2*f. Let y(c) = -c + 4. Let w be y(2). Suppose -w*d = -2*i + 64, 27 = i - f*i - 2*d. Is i a composite number?
False
Suppose 3*q = 9*q - 2154. Is q a prime number?
True
Let c = -63 + 377. Suppose -2*h - 825 = 3*h. Let x = c + h. Is x composite?
False
Let i = -159 - -236. Is i a composite number?
True
Suppose 1 = -2*j - 0*c - c, c + 11 = 3*j. Suppose -g - j = -6. Let r(q) = 5*q**2 - 5*q - 2. Is r(g) composite?
True
Let b be 2/2 - 1*7. Let i be b/(-27)*-6*-21. Suppose 85 - i = 3*u. Is u composite?
False
Let u be ((-202)/1)/((-3)/18). Is (u/15)/(2/5) a composite number?
True
Let n(k) = 2*k**3 - 3*k**2 - 4*k + 1. Let o(w) = 2*w**3 - 2*w**2 - 4*w. Let s(x) = 2*n(x) - 3*o(x). Let z be s(-3). Suppose 4*r = 48 + z. Is r composite?
False
Suppose -4*w + 33324 = 8*w. Is w a prime number?
True
Suppose -4965 = 4*d - 9*d. Is d a prime number?
False
Suppose -c = -3*w + 3*c + 10937, -5*w - 4*c = -18239. Is w prime?
False
Suppose 0 = 4*y - 4*s - 496, -449 + 80 = -3*y + 4*s. Is y a composite number?
False
Let t = 91 + -45. Let s = -16 + 11. Let r = t - s. Is r a composite number?
True
Let k = 609 - 413. Let u(i) = 2*i**2 - 2*i - 1. Let l be u(-1). Suppose -4*z + 2*g + k = -0*z, l*g + 245 = 5*z. Is z prime?
False
Suppose -9 = f + 5*u, 0 = 4*f - 2*f - 2*u + 6. Is (-55)/f - (-3)/12 a prime number?
False
Let f(a) = -2*a**3 - 12*a**2 + 5*a + 22. Is f(-13) a composite number?
True
Is (-4)/34 - 42810/(-34) prime?
True
Let h(z) = -z**3 - 10*z**2 + 2. Let d be h(-10). Suppose -d*i - 268 = -6*i. Is i a prime number?
True
Let a = 156 - 256. Let n be (-2 - -1)*(a + -1). Let c = -70 + n. Is c prime?
True
Is 4904/(-16)*(-2)/1 composite?
False
Let u(w) = w**3 - 4*w**2 + w - 11. Let d = -3 - -11. Is u(d) a composite number?
True
Let l(s) = 52*s + 3. Suppose -3*r - 21 = -2*d, 4*r + 7 + 4 = -3*d. Is l(d) a prime number?
False
Suppose 5*v - 221 = -0*g - 4*g, -g + v + 62 = 0. Is g a composite number?
False
Let r be (-3)/(9/3)*-5. Suppose -r - 3 = -4*p. Is (p/(-3))/((-4)/186) a composite number?
False
Let v be 6/(-10) - (-84)/15. Suppose 0 = -3*q + v*q - 1258. Suppose -3*w - 81 - 250 = -2*o, 5*w = -4*o + q. Is o a prime number?
False
Let g(f) = -f + 9. Let r be g(8). Let v(s) be the third derivative of s**5/6 + s**4/12 - s**3/6 - 2*s**2. Is v(r) a composite number?
False
Let j = -10 - -12. Suppose h = j*h - 37. Is h prime?
True
Suppose 33 = -4*y + 9. Let t be 4/y*(27 + 6). Let r = t + 117. Is r composite?
True
Let z(v) = 14*v**2 + 3*v - 4. Is z(-5) composite?
False
Let p(i) be the second derivative of i**3/6 + i**2/2 - i. Is p(1) composite?
False
Suppose -343 = -2*c + 243. Suppose -6*m + 4*m + p + c = 0, -3*m - 5*p = -472. Is m a composite number?
False
Let v(w) = 4*w. Let s be v(2). Is 2/4 + 1252/s a composite number?
False
Let v = -9 + 17. Suppose 2*g + 2 = v. Suppose 3*l - 651 = 2*p, l + 2*p + 434 = g*l. Is l a composite number?
True
Suppose 0*w - 16 = 4*w. Let h(d) = -d**2 - 5*d + 5. Let g be h(-6). Is (w/(-12))/(g/(-21)) a composite number?
False
Let o = -4 + 2. Is (435/10)/(o/(-4)) a prime number?
False
Let b be (-17 + 2)/((-6)/(-4)). Let o = b + 73. Suppose 0 = -2*h + 5*h - o. Is h a composite number?
True
Suppose 0 = 3*q + 2*q - 13645. Is q composite?
False
Suppose 3*q + 66 = 6*q. Suppose -q = -n + 9. Is n composite?
False
Let z be (6/10)/((-2)/(-10)). Let f(v) be the first derivative of 5*v**3/3 - v**2 - 2*v - 3. Is f(z) prime?
True
Let a(f) be the third derivative of 19*f**8/10080 + f**7/5040 - f**5/60 - f**2. Let y(q) be the third derivative of a(q). Is y(-1) a prime number?
True
Suppose 13 = 4*g - 31. Let a = 32 - g. Is a a prime number?
False
Let r be 106/4 + 5/10. Let j = r - -65. Suppose -3*z - j = -7*z. Is z composite?
False
Let z(h) = -h**2 + 4*h**2 + 82 - 4*h**2. Let l be z(0). Let w = l + -47. Is w a composite number?
True
Let f = -4533 - -6356. Is f prime?
True
Let w = 995 + -692. Is w composite?
True
Suppose -4*i + 5*g + 165 = 0, i - 50 = g + 2*g. Suppose 4*l = 113 + i. Is l a prime number?
True
Suppose 5*f - 2685 = -4*g, f + 4*g - 308 = 213. Is f composite?
False
Let a(t) = -8*t + 9. Let p(j) = 3*j - 3. Let f(z) = 4*a(z) + 11*p(z). Let m be f(0). Suppose r - 260 = -m*r. Is r prime?
False
Let z(x) = 41*x + 6. Is z(5) prime?
True
Let a be (-46)/(-10) - 6/(-15). Suppose 3*d + 458 = a*m, -m + 4*d = -13 - 65. Is m a composite number?
True
Suppose 75 = c - 4. Is c prime?
True
Suppose 2*t + 2*g = 812, 0 = 3*t + 6*g - 2*g - 1223. Is t composite?
False
Is (-484)/(-8) - 3/2 prime?
True
Suppose 0 = -2*o - o + d + 34, -2*o + 5*d = -14. Suppose -w = 2*w + o. Is (